 in base 11?
-16a
Convert 1 (base 8) to base 15.
1
-5 (base 9) to base 7
-5
110 (base 5) to base 2
11110
Convert 14b (base 13) to base 2.
11101000
211 (base 4) to base 16
25
What is b (base 12) in base 3?
102
What is -5 (base 13) in base 11?
-5
Convert -2 (base 13) to base 7.
-2
What is -30 (base 8) in base 6?
-40
What is -2f (base 16) in base 15?
-32
What is -2 (base 9) in base 13?
-2
What is 15 (base 15) in base 3?
202
Convert -6 (base 16) to base 3.
-20
Convert 41 (base 5) to base 10.
21
-25 (base 14) to base 4
-201
Convert 10 (base 6) to base 2.
110
What is 33 (base 7) in base 9?
26
What is 1011 (base 3) in base 10?
31
-310 (base 4) to base 8
-64
Convert -27 (base 10) to base 15.
-1c
What is 84 (base 10) in base 8?
124
Convert 1 (base 9) to base 16.
1
-101011 (base 2) to base 8
-53
What is -3 (base 6) in base 7?
-3
2011 (base 3) to base 5
213
What is -28 (base 14) in base 15?
-26
What is -3a (base 12) in base 10?
-46
Convert -2 (base 12) to base 9.
-2
Convert 112 (base 3) to base 2.
1110
What is 243 (base 5) in base 11?
67
3 (base 16) to base 14
3
Convert -5 (base 12) to base 13.
-5
Convert 14 (base 6) to base 7.
13
What is 11 (base 14) in base 3?
120
What is 25 (base 7) in base 9?
21
Convert -110101 (base 2) to base 5.
-203
What is -2 (base 15) in base 3?
-2
What is -10 (base 14) in base 15?
-e
What is -2 (base 14) in base 7?
-2
What is 17 (base 16) in base 6?
35
Convert 18 (base 9) to base 7.
23
15 (base 11) to base 15
11
Convert -4 (base 8) to base 15.
-4
Convert 10 (base 13) to base 10.
13
-1 (base 2) to base 7
-1
-1 (base 11) to base 9
-1
What is 2 (base 7) in base 13?
2
What is -45 (base 15) in base 8?
-101
Convert -1 (base 9) to base 10.
-1
What is 2 (base 3) in base 8?
2
-4 (base 16) to base 8
-4
-5 (base 9) to base 10
-5
-100111 (base 2) to base 7
-54
Convert 20 (base 8) to base 4.
100
-220 (base 5) to base 15
-40
Convert -16 (base 9) to base 6.
-23
What is -31 (base 6) in base 14?
-15
Convert 8 (base 12) to base 10.
8
21 (base 14) to base 9
32
31 (base 5) to base 9
17
What is 0 (base 12) in base 4?
0
Convert 4 (base 11) to base 16.
4
Convert 10 (base 2) to base 12.
2
What is -2 (base 8) in base 11?
-2
What is 1 (base 7) in base 5?
1
69 (base 13) to base 7
153
Convert 122 (base 3) to base 12.
15
What is 1011010 (base 2) in base 11?
82
11 (base 3) to base 9
4
Convert -3 (base 12) to base 9.
-3
-28 (base 11) to base 9
-33
Convert -2 (base 7) to base 16.
-2
What is -40 (base 11) in base 7?
-62
-15 (base 8) to base 4
-31
Convert -65 (base 7) to base 5.
-142
Convert 47 (base 14) to base 13.
4b
-402 (base 8) to base 3
-100120
Convert 0 (base 3) to base 8.
0
Convert -a (base 11) to base 4.
-22
Convert -1 (base 3) to base 7.
-1
0 (base 14) to base 13
0
Convert -32 (base 4) to base 11.
-13
341 (base 5) to base 3
10120
10 (base 16) to base 9
17
What is -1 (base 10) in base 5?
-1
What is -1001000 (base 2) in base 4?
-1020
12 (base 5) to base 12
7
110 (base 5) to base 8
36
-7 (base 8) to base 7
-10
-12 (base 8) to base 15
-a
What is -4 (base 8) in base 11?
-4
Convert 2 (base 7) to base 10.
2
What is 19 (base 10) in base 13?
16
Convert -10 (base 9) to base 4.
-21
Convert -8c (base 13) to base 4.
-1310
Convert -6 (base 7) to base 8.
-6
What is 2 (base 8) in base 12?
2
What is 10 (base 2) in base 8?
2
What is 3 (base 9) in base 4?
3
What is -75 (base 8) in base 4?
-331
Convert -3 (base 14) to base 3.
-10
What is -12 (base 16) in base 9?
-20
What is 23 (base 6) in base 13?
12
What is -2 (base 8) in base 14?
-2
Convert 111 (base 4) to base 16.
15
6 (base 16) to base 13
6
What is -3 (base 15) in base 10?
-3
What is -4 (base 14) in base 7?
-4
Convert 0 (base 13) to base 7.
0
Convert 82 (base 11) to base 13.
6c
What is -28 (base 13) in base 3?
-1021
What is d (base 14) in base 4?
31
1 (base 16) to base 10
1
Convert 3 (base 4) to base 13.
3
Convert 1110 (base 2) to base 4.
32
What is a (base 13) in base 5?
20
Convert 173 (base 8) to base 6.
323
-1112 (base 3) to base 8
-51
32 (base 8) to base 10
26
-2 (base 13) to base 15
-2
-19 (base 10) to base 16
-13
What is -1101 (base 2) in base 4?
-31
What is 2 (base 5) in base 10?
2
1 (base 4) to base 14
1
What is 0 (base 9) in base 15?
0
Convert 2302 (base 4) to base 6.
454
-109 (base 13) to base 5
-1203
15 (base 8) to base 14
d
Convert 5 (base 7) to base 13.
5
1 (base 10) to base 3
1
4 (base 16) to base 12
4
Convert -2 (base 11) to base 9.
-2
What is -102 (base 3) in base 6?
-15
What is -2 (base 7) in base 5?
-2
1 (base 11) to base 10
1
10 (base 12) to base 3
110
What is 114 (base 8) in base 2?
1001100
-9 (base 14) to base 15
-9
6 (base 10) to base 9
6
Convert -5 (base 14) to base 8.
-5
What is -3 (base 11) in base 10?
-3
What is -12 (base 4) in base 2?
-110
What is -53 (base 8) in base 7?
-61
-6 (base 8) to base 12
-6
What is 11011 (base 2) in base 15?
1c
Convert 8 (base 16) to base 7.
11
Convert -32 (base 15) to base 3.
-1202
Convert -1 (base 4) to base 12.
-1
-1444 (base 6) to base 16
-184
-40 (base 8) to base 4
-200
Convert 12a (base 11) to base 7.
306
1111 (base 4) to base 16
55
What is 14 (base 6) in base 9?
11
What is 23 (base 10) in base 2?
10111
22 (base 5) to base 13
c
What is 246 (base 9) in base 3?
21120
Convert -6 (base 15) to base 6.
-10
What is 20 (base 4) in base 3?
22
What is 0 (base 2) in base 3?
0
What is -3020 (base 4) in base 12?
-148
-10 (base 5) to base 13
-5
Convert 1221 (base 5) to base 4.
2322
2 (base 9) to base 10
2
What is 1 (base 5) in base 16?
1
What is -1001 (base 2) in base 5?
-14
What is 5 (base 8) in base 7?
5
What is -101 (base 4) in base 8?
-21
Convert 0 (base 12) to base 9.
0
-66 (base 9) to base 4
-330
What is -111 (base 2) in base 13?
-7
0 (base 11) to base 3
0
What is -120 (base 3) in base 5?
-30
What is -1 (base 11) in base 3?
-1
What is 10 (base 4) in base 9?
4
Convert -30 (base 5) to base 3.
-120
Convert -1101 (base 2) to base 4.
-31
-11 (base 2) to base 3
-10
What is 2 (base 12) in base 10?
2
Convert 21 (base 3) to base 4.
13
Convert 100 (base 8) to base 13.
4c
Convert 1a (base 13) to base 10.
23
What is -2 (base 14) in base 4?
-2
0 (base 12) to base 6
0
What is -c (base 16) in base 6?
-20
What is 0 (base 15) in base 14?
0
-44 (base 10) to base 4
-230
-20202 (base 3) to base 5
-1212
What is 3 (base 4) in base 13?
3
What is -3 (base 8) in base 12?
-3
What is -9c (base 15) in base 14?
-a7
Convert 100 (base 4) to base 8.
20
24 (base 6) to base 10
16
Convert -1 (base 10) to base 15.
-1
c (base 13) to base 7
15
Convert 7 (base 14) to base 9.
7
What is 1c (base 13) in base 2?
11001
Convert -110 (base 3) to base 16.
-c
Convert a (base 14) to base 4.
22
d (base 15) to base 12
11
202 (base 4) to base 12
2a
What is 50 (base 8) in base 12?
34
Convert 8 (base 10) to base 11.
8
2 (base 8) to base 12
2
Convert -16 (base 7) to base 9.
-14
Convert 10 (base 3) to base 4.
3
What is 28 (base 14) in base 10?
36
1 (base 3) to base 9
1
What is -3 (base 9) in base 8?
-3
What is -24 (base 5) in base 10?
-14
-1 (base 14) to base 2
-1
What is 2 (base 11) in base 14?
2
Convert 3 (base 14) to base 12.
3
Convert -2 (base 8) to base 16.
-2
What is 1 (base 12) in base 10?
1
What is 21 (base 15) in base 4?
133
What is -2b (base 16) in base 10?
-43
Convert -122 (base 4) to base 6.
-42
Convert -20 (base 9) to base 13.
-15
What is 364 (base 8) in base 5?
1434
Convert 47 (base 8) to base 5.
124
8 (base 14) to base 11
8
Convert -15 (base 10) to base 3.
-120
What is -6 (base 12) in base 15?
-6
-10 (base 16) to base 8
-20
Convert 1 (base 10) to base 5.
1
-10 (base 3) to base 9
-3
-3 (base 10) to base 8
-3
Convert -6 (base 12) to base 16.
-6
-100 (base 2) to base 13
-4
What is 179 (base 11) in base 6?
543
0 (base 12) to base 9
0
What is 0 (base 14) in base 4?
0
Convert 101 (base 2) to base 7.
5
-11 (base 8) to base 10
-9
Convert 11 (base 5) to base 13.
6
-b6 (base 12) to base 11
-116
What is -10 (base 15) in base 13?
-12
What is -100 (base 2) in base 7?
-4
What is -442 (base 5) in base 3?
-11112
22 (base 6) to base 9
15
What is 19 (base 14) in base 6?
35
Convert -4 (base 10) to base 4.
-10
20 (base 15) to base 13
24
11 (base 3) to base 12
4
-9 (base 15) to base 2
-1001
Convert 328 (base 9) to base 3.
100222
Convert 41 (base 9) to base 11.
34
Convert 1 (base 13) to base 9.
1
44 (base 8) to base 7
51
2